{"id":836,"date":"2025-06-30T13:34:48","date_gmt":"2025-06-30T13:34:48","guid":{"rendered":"https:\/\/skolazari.cz\/?page_id=836"},"modified":"2025-06-30T19:14:57","modified_gmt":"2025-06-30T19:14:57","slug":"obchudek","status":"publish","type":"page","link":"https:\/\/skolazari.cz\/domu\/obchudek\/","title":{"rendered":"Obch\u016fdek"},"content":{"rendered":"\n<div class=\"wp-block-uagb-container uagb-block-jk6vtlp8 alignfull uagb-is-root-container\"><div class=\"uagb-container-inner-blocks-wrap\">\n<div class=\"wp-block-uagb-info-box uagb-block-ilmgmxho uagb-infobox__content-wrap  uagb-infobox-icon-above-title uagb-infobox-image-valign-top\"><div class=\"uagb-ifb-content\"><div class=\"uagb-ifb-title-wrap\"><h1 class=\"uagb-ifb-title\">Obch\u016fdek<\/h1><\/div><\/div><\/div>\n<\/div><\/div>\n\n\n\n<p><\/p>\n\n\n\n<h2 class=\"wp-block-heading\">And\u011blsk\u00e9 obrazy<\/h2>\n\n\n\n<p>Origin\u00e1ln\u00ed ru\u010dn\u011b malovan\u00e9 and\u011blsk\u00e9 obrazy v\u00fdtvarnice Karly \u0160olcov\u00e9 pot\u011b\u0161\u00ed srdce i du\u0161i. Ka\u017ed\u00fd je jedine\u010dn\u00fd, nese v sob\u011b energii a poselstv\u00ed \u2013 fotografie jsou proto pouze ilustra\u010dn\u00ed. Obrazy promlouvaj\u00ed k du\u0161i skrze barvy a sv\u011btlo and\u011bl\u016f.<br><br>Koup\u00ed obrazu podpo\u0159\u00edte za\u010d\u00ednaj\u00edc\u00ed um\u011blce a provoz centra Libereck\u00e9 sv\u011btlo.<br>Cena ka\u017ed\u00e9ho obrazu je 2 000 K\u010d \u2013 1 800 K\u010d putuje autorce a 200 K\u010d podpo\u0159\u00ed Libereck\u00e9 sv\u011btlo.<br><br>Objedn\u00e1vejte jednodu\u0161e p\u0159es&nbsp;<a href=\"https:\/\/skolazari.cz\/kontakt\/\">e-mail nebo telefonem<\/a>.<\/p>\n\n\n\n<div class=\"wp-block-columns is-layout-flex wp-container-core-columns-is-layout-28f84493 wp-block-columns-is-layout-flex\">\n<div class=\"wp-block-column is-layout-flow wp-block-column-is-layout-flow\">\n<figure class=\"wp-block-image size-large\"><img loading=\"lazy\" decoding=\"async\" width=\"768\" height=\"1024\" src=\"http:\/\/skolazari.cz\/wp-content\/uploads\/2025\/05\/Michael-2-768x1024.jpg\" alt=\"\" class=\"wp-image-223\" srcset=\"https:\/\/skolazari.cz\/wp-content\/uploads\/2025\/05\/Michael-2-768x1024.jpg 768w, https:\/\/skolazari.cz\/wp-content\/uploads\/2025\/05\/Michael-2-225x300.jpg 225w, https:\/\/skolazari.cz\/wp-content\/uploads\/2025\/05\/Michael-2-1152x1536.jpg 1152w, https:\/\/skolazari.cz\/wp-content\/uploads\/2025\/05\/Michael-2.jpg 1536w\" sizes=\"auto, (max-width: 768px) 100vw, 768px\" \/><\/figure>\n\n\n\n<h4 class=\"wp-block-heading\">Archand\u011bl Michael<\/h4>\n\n\n\n<p><strong>Cena: 2 000 K\u010d<\/strong><br>Obraz na pl\u00e1tn\u011b 24 x 29,5 cm, akryl<br>Energetick\u00fd obraz, kter\u00fd V\u00e1s zharmonizuje<\/p>\n\n\n\n<details class=\"wp-block-details is-layout-flow wp-block-details-is-layout-flow\"><summary>Modlitba<\/summary>\n<p><strong>Archand\u011bl Michael&nbsp;<\/strong>\u2013 Ty, kter\u00fd vn\u00e1\u0161\u00ed\u0161 do sv\u011bta rovnov\u00e1hu, and\u011bli spravedlnosti, s\u00edly a ochrany. Vol\u00e1m t\u011b, pros\u00edm, sly\u0161 mou up\u0159\u00edmnou prosbu, napl\u0148 mne svou mocnou silou, ochra\u0148uj mne a nedej proniknout s\u00edle, je\u017e by mi mohla \u0161kodit \u010di vys\u00e1vat mou vlastn\u00ed s\u00edlu. Spas mne, pros\u00edm, milosti Bo\u017e\u00ed, ode v\u0161ech psychick\u00fdch, fyzick\u00fdch, emocion\u00e1ln\u00edch, ment\u00e1ln\u00edch a karmick\u00fdch vazeb k inkarnovan\u00fdm i neinkarnovan\u00fdm bytostem. Oprosti mne v\u0161ech slib\u016f, kleteb a p\u0159\u00edsah, kter\u00e9 jsem u\u010dinil v tomto \u017eivot\u011b \u010di v \u017eivotech jin\u00fdch a kter\u00e9 mne st\u00e1le je\u0161t\u011b poutaj\u00ed.<\/p>\n<\/details>\n\n\n\n<div class=\"wp-block-uagb-buttons uagb-buttons__outer-wrap uagb-btn__default-btn uagb-btn-tablet__default-btn uagb-btn-mobile__default-btn uagb-block-0dcf584c\"><div class=\"uagb-buttons__wrap uagb-buttons-layout-wrap \">\n<div class=\"wp-block-uagb-buttons-child uagb-buttons__outer-wrap uagb-block-0f2f5d10 wp-block-button\"><div class=\"uagb-button__wrapper\"><a class=\"uagb-buttons-repeater wp-block-button__link\" aria-label=\"\" href=\"https:\/\/skolazari.cz\/kontakt\/\" rel=\"follow noopener\" target=\"_self\" role=\"button\"><div class=\"uagb-button__link\">Objednat<\/div><\/a><\/div><\/div>\n<\/div><\/div>\n<\/div>\n\n\n\n<div class=\"wp-block-column is-layout-flow wp-block-column-is-layout-flow\">\n<figure class=\"wp-block-image size-large\"><img loading=\"lazy\" decoding=\"async\" width=\"768\" height=\"1024\" src=\"http:\/\/skolazari.cz\/wp-content\/uploads\/2025\/05\/Raphael-1-768x1024.jpg\" alt=\"\" class=\"wp-image-222\" srcset=\"https:\/\/skolazari.cz\/wp-content\/uploads\/2025\/05\/Raphael-1-768x1024.jpg 768w, https:\/\/skolazari.cz\/wp-content\/uploads\/2025\/05\/Raphael-1-225x300.jpg 225w, https:\/\/skolazari.cz\/wp-content\/uploads\/2025\/05\/Raphael-1-1152x1536.jpg 1152w, https:\/\/skolazari.cz\/wp-content\/uploads\/2025\/05\/Raphael-1.jpg 1536w\" sizes=\"auto, (max-width: 768px) 100vw, 768px\" \/><\/figure>\n\n\n\n<h4 class=\"wp-block-heading\"><strong>Archand\u011bl Rafael<\/strong><\/h4>\n\n\n\n<p><strong>Cena: 2 000 K\u010d<\/strong><br>Obraz na pl\u00e1tn\u011b 24 x 29,5 cm, akryl<br>Energetick\u00fd obraz, kter\u00fd pom\u00e1h\u00e1 uzdravovat<\/p>\n\n\n\n<details class=\"wp-block-details is-layout-flow wp-block-details-is-layout-flow\"><summary>Modlitba<\/summary>\n<p><strong>Archand\u011bl Rafael<\/strong>&nbsp;\u2013 Mil\u00fd archand\u011bli Rafaeli, pros\u00edm, pomoz mi jasn\u011b myslet a nach\u00e1zet ve sv\u00e9m \u017eivot\u011b kr\u00e1su a \u0159\u00e1d. Pomoz mi oprostit se od bolesti poch\u00e1zej\u00edc\u00ed z m\u00e9 minulosti a od starosti o budoucnost a dokonale si u\u017e\u00edvat p\u0159\u00edtomn\u00fd okam\u017eik. Ve\u010f m\u011b pros\u00edm k tomu, a\u0165 se dok\u00e1\u017eu zam\u011b\u0159it na to, za co jsem vd\u011b\u010dn\u00fd\/\u00e1, a jakmile se objev\u00ed jak\u00e9koli bolestn\u00e9 my\u0161lenky, a\u0165 je odevzd\u00e1m Bohu. Svat\u00fd Rafaeli Archand\u011bli, pomoz mi, pros\u00edm. Osv\u011btli sv\u00fdm zelen\u00fdm sv\u011btlem celou mou bytost, uzdrav m\u00e9ho ducha, du\u0161i i t\u011blo, p\u0159ikryj m\u011b pl\u00e1\u0161t\u011bm milosrdenstv\u00ed Sv\u011btla, Prav\u00e9ho Boha, pl\u00e1\u0161t\u011bm Pravdy a L\u00e1sky. Amen.<\/p>\n<\/details>\n\n\n\n<div class=\"wp-block-uagb-buttons uagb-buttons__outer-wrap uagb-btn__default-btn uagb-btn-tablet__default-btn uagb-btn-mobile__default-btn uagb-block-0ddf6c95\"><div class=\"uagb-buttons__wrap uagb-buttons-layout-wrap \">\n<div class=\"wp-block-uagb-buttons-child uagb-buttons__outer-wrap uagb-block-089fd913 wp-block-button\"><div class=\"uagb-button__wrapper\"><a class=\"uagb-buttons-repeater wp-block-button__link\" aria-label=\"\" href=\"https:\/\/skolazari.cz\/kontakt\/\" rel=\"follow noopener\" target=\"_self\" role=\"button\"><div class=\"uagb-button__link\">Objednat<\/div><\/a><\/div><\/div>\n<\/div><\/div>\n<\/div>\n<\/div>\n\n\n\n<div class=\"wp-block-uagb-advanced-heading uagb-block-f7bdd1fd\"><h2 class=\"uagb-heading-text\">Karla \u0160olcov\u00e1<\/h2><\/div>\n\n\n\n<h3 class=\"wp-block-heading\">V\u00fdtvarnice s darem p\u0159en\u00e1\u0161et sv\u011btlo | autorka obraz\u016f<\/h3>\n\n\n\n<p>Karla \u0160olcov\u00e1 poch\u00e1z\u00ed z Opo\u010dna pod Orlick\u00fdmi horami, sv\u00e9 d\u011btstv\u00ed a ml\u00e1d\u00ed pro\u017eila v Dobru\u0161ce. V\u00fdtvarn\u00e9 tvorb\u011b se v\u011bnuje od ran\u00e9ho v\u011bku \u2013 pracovala se sklem, malovala v\u00e1no\u010dn\u00ed ozdoby, tvo\u0159\u00ed z keramiky a zdob\u00ed pern\u00edky.<\/p>\n\n\n\n<p>Jej\u00ed \u017eivotn\u00ed cesta nebyla jednoduch\u00e1. Pro\u0161la mnoha n\u00e1ro\u010dn\u00fdmi zkou\u0161kami, a\u017e d\u00edky and\u011blsk\u00fdm terapi\u00edm a meditac\u00edm nalezla hlubok\u00e9 pochopen\u00ed, p\u0159ijet\u00ed a vnit\u0159n\u00ed sm\u00ed\u0159en\u00ed. Dnes se znovu c\u00edt\u00ed sama sebou. Ka\u017ed\u00fd jej\u00ed obraz vznik\u00e1 z l\u00e1sky a vd\u011b\u010dnosti. Nese v sob\u011b energii and\u011bla, kter\u00fd k n\u00ed v dan\u00e9m \u010dase promlouv\u00e1.<\/p>\n\n\n\n<p><\/p>\n","protected":false},"excerpt":{"rendered":"<p>And\u011blsk\u00e9 obrazy Origin\u00e1ln\u00ed ru\u010dn\u011b malovan\u00e9 and\u011blsk\u00e9 obrazy v\u00fdtvarnice Karly \u0160olcov\u00e9 pot\u011b\u0161\u00ed srdce i du\u0161i. Ka\u017ed\u00fd je jedine\u010dn\u00fd, nese v sob\u011b [&hellip;]<\/p>\n","protected":false},"author":1,"featured_media":0,"parent":0,"menu_order":0,"comment_status":"closed","ping_status":"closed","template":"","meta":{"_uag_custom_page_level_css":"","site-sidebar-layout":"default","site-content-layout":"","ast-site-content-layout":"","site-content-style":"default","site-sidebar-style":"default","ast-global-header-display":"","ast-banner-title-visibility":"","ast-main-header-display":"","ast-hfb-above-header-display":"","ast-hfb-below-header-display":"","ast-hfb-mobile-header-display":"","site-post-title":"disabled","ast-breadcrumbs-content":"","ast-featured-img":"","footer-sml-layout":"","ast-disable-related-posts":"","theme-transparent-header-meta":"","adv-header-id-meta":"","stick-header-meta":"","header-above-stick-meta":"","header-main-stick-meta":"","header-below-stick-meta":"","astra-migrate-meta-layouts":"default","ast-page-background-enabled":"default","ast-page-background-meta":{"desktop":{"background-color":"var(--ast-global-color-5)","background-image":"","background-repeat":"repeat","background-position":"center center","background-size":"auto","background-attachment":"scroll","background-type":"","background-media":"","overlay-type":"","overlay-color":"","overlay-opacity":"","overlay-gradient":""},"tablet":{"background-color":"","background-image":"","background-repeat":"repeat","background-position":"center center","background-size":"auto","background-attachment":"scroll","background-type":"","background-media":"","overlay-type":"","overlay-color":"","overlay-opacity":"","overlay-gradient":""},"mobile":{"background-color":"","background-image":"","background-repeat":"repeat","background-position":"center center","background-size":"auto","background-attachment":"scroll","background-type":"","background-media":"","overlay-type":"","overlay-color":"","overlay-opacity":"","overlay-gradient":""}},"ast-content-background-meta":{"desktop":{"background-color":"var(--ast-global-color-4)","background-image":"","background-repeat":"repeat","background-position":"center center","background-size":"auto","background-attachment":"scroll","background-type":"","background-media":"","overlay-type":"","overlay-color":"","overlay-opacity":"","overlay-gradient":""},"tablet":{"background-color":"var(--ast-global-color-4)","background-image":"","background-repeat":"repeat","background-position":"center center","background-size":"auto","background-attachment":"scroll","background-type":"","background-media":"","overlay-type":"","overlay-color":"","overlay-opacity":"","overlay-gradient":""},"mobile":{"background-color":"var(--ast-global-color-4)","background-image":"","background-repeat":"repeat","background-position":"center center","background-size":"auto","background-attachment":"scroll","background-type":"","background-media":"","overlay-type":"","overlay-color":"","overlay-opacity":"","overlay-gradient":""}},"footnotes":""},"class_list":["post-836","page","type-page","status-publish","hentry"],"yoast_head":"<!-- This site is optimized with the Yoast SEO plugin v27.3 - https:\/\/yoast.com\/product\/yoast-seo-wordpress\/ -->\n<title>Obch\u016fdek - skolazari.cz<\/title>\n<meta name=\"description\" content=\"Origin\u00e1ln\u00ed ru\u010dn\u011b malovan\u00e9 and\u011blsk\u00e9 obrazy pot\u011b\u0161\u00ed srdce i du\u0161i. Obrazy promlouvaj\u00ed k du\u0161i skrze barvy a sv\u011btlo and\u011bl\u016f.\" \/>\n<meta name=\"robots\" content=\"index, follow, max-snippet:-1, max-image-preview:large, max-video-preview:-1\" \/>\n<link rel=\"canonical\" href=\"https:\/\/skolazari.cz\/domu\/obchudek\/\" \/>\n<meta property=\"og:locale\" content=\"cs_CZ\" \/>\n<meta property=\"og:type\" content=\"article\" \/>\n<meta property=\"og:title\" content=\"Obch\u016fdek - skolazari.cz\" \/>\n<meta property=\"og:description\" content=\"Origin\u00e1ln\u00ed ru\u010dn\u011b malovan\u00e9 and\u011blsk\u00e9 obrazy pot\u011b\u0161\u00ed srdce i du\u0161i. Obrazy promlouvaj\u00ed k du\u0161i skrze barvy a sv\u011btlo and\u011bl\u016f.\" \/>\n<meta property=\"og:url\" content=\"https:\/\/skolazari.cz\/domu\/obchudek\/\" \/>\n<meta property=\"og:site_name\" content=\"skolazari.cz\" \/>\n<meta property=\"article:publisher\" content=\"https:\/\/www.facebook.com\/profile.php?id=61567386495176\" \/>\n<meta property=\"article:modified_time\" content=\"2025-06-30T19:14:57+00:00\" \/>\n<meta property=\"og:image\" content=\"http:\/\/skolazari.cz\/wp-content\/uploads\/2025\/05\/Michael-2-768x1024.jpg\" \/>\n<meta name=\"twitter:card\" content=\"summary_large_image\" \/>\n<meta name=\"twitter:label1\" content=\"Odhadovan\u00e1 doba \u010dten\u00ed\" \/>\n\t<meta name=\"twitter:data1\" content=\"3 minuty\" \/>\n<script type=\"application\/ld+json\" class=\"yoast-schema-graph\">{\"@context\":\"https:\\\/\\\/schema.org\",\"@graph\":[{\"@type\":\"WebPage\",\"@id\":\"https:\\\/\\\/skolazari.cz\\\/domu\\\/obchudek\\\/\",\"url\":\"https:\\\/\\\/skolazari.cz\\\/domu\\\/obchudek\\\/\",\"name\":\"Obch\u016fdek - skolazari.cz\",\"isPartOf\":{\"@id\":\"https:\\\/\\\/skolazari.cz\\\/domu\\\/#website\"},\"primaryImageOfPage\":{\"@id\":\"https:\\\/\\\/skolazari.cz\\\/domu\\\/obchudek\\\/#primaryimage\"},\"image\":{\"@id\":\"https:\\\/\\\/skolazari.cz\\\/domu\\\/obchudek\\\/#primaryimage\"},\"thumbnailUrl\":\"http:\\\/\\\/skolazari.cz\\\/wp-content\\\/uploads\\\/2025\\\/05\\\/Michael-2-768x1024.jpg\",\"datePublished\":\"2025-06-30T13:34:48+00:00\",\"dateModified\":\"2025-06-30T19:14:57+00:00\",\"description\":\"Origin\u00e1ln\u00ed ru\u010dn\u011b malovan\u00e9 and\u011blsk\u00e9 obrazy pot\u011b\u0161\u00ed srdce i du\u0161i. Obrazy promlouvaj\u00ed k du\u0161i skrze barvy a sv\u011btlo and\u011bl\u016f.\",\"breadcrumb\":{\"@id\":\"https:\\\/\\\/skolazari.cz\\\/domu\\\/obchudek\\\/#breadcrumb\"},\"inLanguage\":\"cs\",\"potentialAction\":[{\"@type\":\"ReadAction\",\"target\":[\"https:\\\/\\\/skolazari.cz\\\/domu\\\/obchudek\\\/\"]}]},{\"@type\":\"ImageObject\",\"inLanguage\":\"cs\",\"@id\":\"https:\\\/\\\/skolazari.cz\\\/domu\\\/obchudek\\\/#primaryimage\",\"url\":\"http:\\\/\\\/skolazari.cz\\\/wp-content\\\/uploads\\\/2025\\\/05\\\/Michael-2-768x1024.jpg\",\"contentUrl\":\"http:\\\/\\\/skolazari.cz\\\/wp-content\\\/uploads\\\/2025\\\/05\\\/Michael-2-768x1024.jpg\"},{\"@type\":\"BreadcrumbList\",\"@id\":\"https:\\\/\\\/skolazari.cz\\\/domu\\\/obchudek\\\/#breadcrumb\",\"itemListElement\":[{\"@type\":\"ListItem\",\"position\":1,\"name\":\"Dom\u016f\",\"item\":\"https:\\\/\\\/skolazari.cz\\\/domu\\\/\"},{\"@type\":\"ListItem\",\"position\":2,\"name\":\"Obch\u016fdek\"}]},{\"@type\":\"WebSite\",\"@id\":\"https:\\\/\\\/skolazari.cz\\\/domu\\\/#website\",\"url\":\"https:\\\/\\\/skolazari.cz\\\/domu\\\/\",\"name\":\"Libereck\u00e9 sv\u011btlo | Jsme vzd\u011bl\u00e1vac\u00ed volno\u010dasov\u00e9 centrum spojuj\u00edc\u00ed lidi nap\u0159\u00ed\u010d generacemi\",\"description\":\"Tvo\u0159\u00edme m\u00edsto, kde d\u011bti z\u00e1\u0159\u00ed p\u0159irozen\u011b.\",\"publisher\":{\"@id\":\"https:\\\/\\\/skolazari.cz\\\/domu\\\/#organization\"},\"alternateName\":\"Libereck\u00e9 sv\u011btlo | Jsme vzd\u011bl\u00e1vac\u00ed volno\u010dasov\u00e9 centrum spojuj\u00edc\u00ed lidi nap\u0159\u00ed\u010d generacemi\",\"potentialAction\":[{\"@type\":\"SearchAction\",\"target\":{\"@type\":\"EntryPoint\",\"urlTemplate\":\"https:\\\/\\\/skolazari.cz\\\/domu\\\/?s={search_term_string}\"},\"query-input\":{\"@type\":\"PropertyValueSpecification\",\"valueRequired\":true,\"valueName\":\"search_term_string\"}}],\"inLanguage\":\"cs\"},{\"@type\":\"Organization\",\"@id\":\"https:\\\/\\\/skolazari.cz\\\/domu\\\/#organization\",\"name\":\"Libereck\u00e9 sv\u011btlo | Jsme vzd\u011bl\u00e1vac\u00ed volno\u010dasov\u00e9 centrum spojuj\u00edc\u00ed lidi nap\u0159\u00ed\u010d generacemi\",\"alternateName\":\"Libereck\u00e9 sv\u011btlo | Jsme vzd\u011bl\u00e1vac\u00ed volno\u010dasov\u00e9 centrum spojuj\u00edc\u00ed lidi nap\u0159\u00ed\u010d generacemi\",\"url\":\"https:\\\/\\\/skolazari.cz\\\/domu\\\/\",\"logo\":{\"@type\":\"ImageObject\",\"inLanguage\":\"cs\",\"@id\":\"https:\\\/\\\/skolazari.cz\\\/domu\\\/#\\\/schema\\\/logo\\\/image\\\/\",\"url\":\"\",\"contentUrl\":\"\",\"caption\":\"Libereck\u00e9 sv\u011btlo | Jsme vzd\u011bl\u00e1vac\u00ed volno\u010dasov\u00e9 centrum spojuj\u00edc\u00ed lidi nap\u0159\u00ed\u010d generacemi\"},\"image\":{\"@id\":\"https:\\\/\\\/skolazari.cz\\\/domu\\\/#\\\/schema\\\/logo\\\/image\\\/\"},\"sameAs\":[\"https:\\\/\\\/www.facebook.com\\\/profile.php?id=61567386495176\"]}]}<\/script>\n<!-- \/ Yoast SEO plugin. -->","yoast_head_json":{"title":"Obch\u016fdek - skolazari.cz","description":"Origin\u00e1ln\u00ed ru\u010dn\u011b malovan\u00e9 and\u011blsk\u00e9 obrazy pot\u011b\u0161\u00ed srdce i du\u0161i. Obrazy promlouvaj\u00ed k du\u0161i skrze barvy a sv\u011btlo and\u011bl\u016f.","robots":{"index":"index","follow":"follow","max-snippet":"max-snippet:-1","max-image-preview":"max-image-preview:large","max-video-preview":"max-video-preview:-1"},"canonical":"https:\/\/skolazari.cz\/domu\/obchudek\/","og_locale":"cs_CZ","og_type":"article","og_title":"Obch\u016fdek - skolazari.cz","og_description":"Origin\u00e1ln\u00ed ru\u010dn\u011b malovan\u00e9 and\u011blsk\u00e9 obrazy pot\u011b\u0161\u00ed srdce i du\u0161i. Obrazy promlouvaj\u00ed k du\u0161i skrze barvy a sv\u011btlo and\u011bl\u016f.","og_url":"https:\/\/skolazari.cz\/domu\/obchudek\/","og_site_name":"skolazari.cz","article_publisher":"https:\/\/www.facebook.com\/profile.php?id=61567386495176","article_modified_time":"2025-06-30T19:14:57+00:00","og_image":[{"url":"http:\/\/skolazari.cz\/wp-content\/uploads\/2025\/05\/Michael-2-768x1024.jpg","type":"","width":"","height":""}],"twitter_card":"summary_large_image","twitter_misc":{"Odhadovan\u00e1 doba \u010dten\u00ed":"3 minuty"},"schema":{"@context":"https:\/\/schema.org","@graph":[{"@type":"WebPage","@id":"https:\/\/skolazari.cz\/domu\/obchudek\/","url":"https:\/\/skolazari.cz\/domu\/obchudek\/","name":"Obch\u016fdek - skolazari.cz","isPartOf":{"@id":"https:\/\/skolazari.cz\/domu\/#website"},"primaryImageOfPage":{"@id":"https:\/\/skolazari.cz\/domu\/obchudek\/#primaryimage"},"image":{"@id":"https:\/\/skolazari.cz\/domu\/obchudek\/#primaryimage"},"thumbnailUrl":"http:\/\/skolazari.cz\/wp-content\/uploads\/2025\/05\/Michael-2-768x1024.jpg","datePublished":"2025-06-30T13:34:48+00:00","dateModified":"2025-06-30T19:14:57+00:00","description":"Origin\u00e1ln\u00ed ru\u010dn\u011b malovan\u00e9 and\u011blsk\u00e9 obrazy pot\u011b\u0161\u00ed srdce i du\u0161i. Obrazy promlouvaj\u00ed k du\u0161i skrze barvy a sv\u011btlo and\u011bl\u016f.","breadcrumb":{"@id":"https:\/\/skolazari.cz\/domu\/obchudek\/#breadcrumb"},"inLanguage":"cs","potentialAction":[{"@type":"ReadAction","target":["https:\/\/skolazari.cz\/domu\/obchudek\/"]}]},{"@type":"ImageObject","inLanguage":"cs","@id":"https:\/\/skolazari.cz\/domu\/obchudek\/#primaryimage","url":"http:\/\/skolazari.cz\/wp-content\/uploads\/2025\/05\/Michael-2-768x1024.jpg","contentUrl":"http:\/\/skolazari.cz\/wp-content\/uploads\/2025\/05\/Michael-2-768x1024.jpg"},{"@type":"BreadcrumbList","@id":"https:\/\/skolazari.cz\/domu\/obchudek\/#breadcrumb","itemListElement":[{"@type":"ListItem","position":1,"name":"Dom\u016f","item":"https:\/\/skolazari.cz\/domu\/"},{"@type":"ListItem","position":2,"name":"Obch\u016fdek"}]},{"@type":"WebSite","@id":"https:\/\/skolazari.cz\/domu\/#website","url":"https:\/\/skolazari.cz\/domu\/","name":"Libereck\u00e9 sv\u011btlo | Jsme vzd\u011bl\u00e1vac\u00ed volno\u010dasov\u00e9 centrum spojuj\u00edc\u00ed lidi nap\u0159\u00ed\u010d generacemi","description":"Tvo\u0159\u00edme m\u00edsto, kde d\u011bti z\u00e1\u0159\u00ed p\u0159irozen\u011b.","publisher":{"@id":"https:\/\/skolazari.cz\/domu\/#organization"},"alternateName":"Libereck\u00e9 sv\u011btlo | Jsme vzd\u011bl\u00e1vac\u00ed volno\u010dasov\u00e9 centrum spojuj\u00edc\u00ed lidi nap\u0159\u00ed\u010d generacemi","potentialAction":[{"@type":"SearchAction","target":{"@type":"EntryPoint","urlTemplate":"https:\/\/skolazari.cz\/domu\/?s={search_term_string}"},"query-input":{"@type":"PropertyValueSpecification","valueRequired":true,"valueName":"search_term_string"}}],"inLanguage":"cs"},{"@type":"Organization","@id":"https:\/\/skolazari.cz\/domu\/#organization","name":"Libereck\u00e9 sv\u011btlo | Jsme vzd\u011bl\u00e1vac\u00ed volno\u010dasov\u00e9 centrum spojuj\u00edc\u00ed lidi nap\u0159\u00ed\u010d generacemi","alternateName":"Libereck\u00e9 sv\u011btlo | Jsme vzd\u011bl\u00e1vac\u00ed volno\u010dasov\u00e9 centrum spojuj\u00edc\u00ed lidi nap\u0159\u00ed\u010d generacemi","url":"https:\/\/skolazari.cz\/domu\/","logo":{"@type":"ImageObject","inLanguage":"cs","@id":"https:\/\/skolazari.cz\/domu\/#\/schema\/logo\/image\/","url":"","contentUrl":"","caption":"Libereck\u00e9 sv\u011btlo | Jsme vzd\u011bl\u00e1vac\u00ed volno\u010dasov\u00e9 centrum spojuj\u00edc\u00ed lidi nap\u0159\u00ed\u010d generacemi"},"image":{"@id":"https:\/\/skolazari.cz\/domu\/#\/schema\/logo\/image\/"},"sameAs":["https:\/\/www.facebook.com\/profile.php?id=61567386495176"]}]}},"uagb_featured_image_src":{"full":false,"thumbnail":false,"medium":false,"medium_large":false,"large":false,"1536x1536":false,"2048x2048":false},"uagb_author_info":{"display_name":"skolazari","author_link":"https:\/\/skolazari.cz\/domu\/author\/skolazari\/"},"uagb_comment_info":0,"uagb_excerpt":"And\u011blsk\u00e9 obrazy Origin\u00e1ln\u00ed ru\u010dn\u011b malovan\u00e9 and\u011blsk\u00e9 obrazy v\u00fdtvarnice Karly \u0160olcov\u00e9 pot\u011b\u0161\u00ed srdce i du\u0161i. Ka\u017ed\u00fd je jedine\u010dn\u00fd, nese v sob\u011b [&hellip;]","_links":{"self":[{"href":"https:\/\/skolazari.cz\/domu\/wp-json\/wp\/v2\/pages\/836","targetHints":{"allow":["GET"]}}],"collection":[{"href":"https:\/\/skolazari.cz\/domu\/wp-json\/wp\/v2\/pages"}],"about":[{"href":"https:\/\/skolazari.cz\/domu\/wp-json\/wp\/v2\/types\/page"}],"author":[{"embeddable":true,"href":"https:\/\/skolazari.cz\/domu\/wp-json\/wp\/v2\/users\/1"}],"replies":[{"embeddable":true,"href":"https:\/\/skolazari.cz\/domu\/wp-json\/wp\/v2\/comments?post=836"}],"version-history":[{"count":12,"href":"https:\/\/skolazari.cz\/domu\/wp-json\/wp\/v2\/pages\/836\/revisions"}],"predecessor-version":[{"id":860,"href":"https:\/\/skolazari.cz\/domu\/wp-json\/wp\/v2\/pages\/836\/revisions\/860"}],"wp:attachment":[{"href":"https:\/\/skolazari.cz\/domu\/wp-json\/wp\/v2\/media?parent=836"}],"curies":[{"name":"wp","href":"https:\/\/api.w.org\/{rel}","templated":true}]}}